me number?
True
Is 506834 prime?
False
Is 60314879 prime?
True
Is 126215057 a composite number?
True
Is 326351 prime?
True
Is 2478493 composite?
True
Is 122869321 a prime number?
True
Is 604631 prime?
False
Is 14243 composite?
False
Is 12098527 a prime number?
False
Is 43549007 a prime number?
False
Is 69292229 prime?
False
Is 69958573 a prime number?
True
Is 15444809 prime?
False
Is 455890821 composite?
True
Is 1846447 a prime number?
False
Is 3210349 composite?
False
Is 7047451 prime?
True
Is 55122303 prime?
False
Is 41247131 composite?
True
Is 8180239 composite?
False
Is 281297 composite?
False
Is 5567881 prime?
False
Is 58396817 a prime number?
True
Is 59912621 prime?
True
Is 154537417 prime?
False
Is 510202523 a prime number?
True
Is 1684667 a prime number?
True
Is 6164989 prime?
False
Is 5869837 a composite number?
False
Is 425627614 a composite number?
True
Is 2247081 composite?
True
Is 24616069 a prime number?
True
Is 8149069 a prime number?
False
Is 4162481 composite?
False
Is 6430157 prime?
True
Is 135002621 a composite number?
True
Is 27180097 a prime number?
False
Is 1421339 a composite number?
False
Is 57496199 prime?
True
Is 842173 a composite number?
False
Is 989652949 a prime number?
False
Is 40155529 a composite number?
False
Is 4356931 composite?
True
Is 3773114 a composite number?
True
Is 2500769 a prime number?
True
Is 406111 a composite number?
True
Is 63315779 a composite number?
False
Is 8111263 a composite number?
False
Is 9243238 a prime number?
False
Is 74428607 prime?
False
Is 2848141 a prime number?
True
Is 47431777 a composite number?
True
Is 15329273 a prime number?
False
Is 478416479 a composite number?
False
Is 34927369 a composite number?
False
Is 26274091 prime?
True
Is 2563663 composite?
True
Is 3691139 a composite number?
True
Is 136867645 a composite number?
True
Is 17830123 composite?
False
Is 1686743 composite?
False
Is 5555843 composite?
False
Is 259865803 a prime number?
False
Is 1683797 a composite number?
True
Is 89554007 a prime number?
True
Is 14097595 a prime number?
False
Is 11736707 a composite number?
True
Is 7325601 a prime number?
False
Is 3778163 a prime number?
True
Is 2311739 a composite number?
False
Is 5894897 composite?
True
Is 2387613 a composite number?
True
Is 84290579 composite?
False
Is 2880763 a prime number?
True
Is 24027307 a prime number?
False
Is 23981863 prime?
True
Is 13858381 prime?
True
Is 160775585 prime?
False
Is 754079 composite?
True
Is 25367627 a prime number?
True
Is 19398781 a prime number?
False
Is 26209429 composite?
False
Is 19190473 a composite number?
False
Is 12353981 a composite number?
False
Is 2830847 composite?
True
Is 882481 composite?
False
Is 39297971 a prime number?
True
Is 27426011 a prime number?
True
Is 34494983 prime?
False
Is 81844729 composite?
True
Is 2742871 prime?
True
Is 7774141 prime?
True
Is 16530799 composite?
False
Is 8585111 prime?
True
Is 152911 prime?
False
Is 2419103 prime?
True
Is 6520169 a prime number?
False
Is 10057 a composite number?
True
Is 32883451 prime?
False
Is 3388691 a prime number?
False
Is 3603857 prime?
True
Is 54503219 prime?
True
Is 4206857 a composite number?
False
Is 5730451 prime?
True
Is 2019445 composite?
True
Is 22375718 a composite number?
True
Is 70939 a composite number?
True
Is 7069 a composite number?
False
Is 843070843 composite?
False
Is 124284767 composite?
True
Is 119266313 a prime number?
False
Is 979759 a composite number?
True
Is 165391 a composite number?
False
Is 119382743 a composite number?
True
Is 2559849 a composite number?
True
Is 2238007 prime?
False
Is 15660023 prime?
True
Is 23952701 prime?
False
Is 273880141 a composite number?
False
Is 374879693 a composite number?
True
Is 24559417 a prime number?
True
Is 8499277 a composite number?
False
Is 23498099 prime?
True
Is 14746597 a prime number?
True
Is 104557357 prime?
True
Is 15825331 composite?
False
Is 1753637 composite?
False
Is 1266677 a prime number?
True
Is 17267669 a prime number?
True
Is 317582 composite?
True
Is 4725739 composite?
False
Is 42583517 a prime number?
True
Is 872522543 prime?
True
Is 27052027 a composite number?
True
Is 19567453 a composite number?
False
Is 79358549 prime?
False
Is 3077887 a composite number?
True
Is 63953 composite?
True
Is 3275719 prime?
True
Is 66441409 prime?
False
Is 1145309459 prime?
False
Is 235663103 prime?
False
Is 9294361 composite?
False
Is 128366971 a prime number?
True
Is 17906813 a prime number?
True
Is 25247993 composite?
False
Is 14171879 prime?
True
Is 207377 a prime number?
True
Is 889687 composite?
False
Is 2992729 composite?
False
Is 885769 composite?
False
Is 167880889 a prime number?
False
Is 6992029 prime?
False
Is 172369 prime?
False
Is 10131463 composite?
False
Is 14302061 composite?
False
Is 525202053 prime?
False
Is 25492279 a prime number?
False
Is 7786367 a prime number?
True
Is 27305137 a prime number?
True
Is 334760707 prime?
True
Is 57448205 prime?
False
Is 103800898 a composite number?
True
Is 12318027 prime?
False
Is 50041 prime?
False
Is 45574643 composite?
False
Is 2551499 composite?
False
Is 4469141 prime?
True
Is 1975949 composite?
False
Is 16977479 a prime number?
True
Is 651587 composite?
False
Is 516991 a composite number?
False
Is 61072009 composite?
False
Is 99944907 prime?
False
Is 1501694101 prime?
False
Is 635868281 prime?
False
Is 52155093 a composite number?
True
Is 12883369 prime?
True
Is 32704121 prime?
False
Is 198194741 a composite number?
False
Is 9088423 prime?
True
Is 5192807 prime?
False
Is 2238721 a prime number?
True
Is 7058533 a prime number?
False
Is 194096189 a composite number?
True
Is 85335721 a prime number?
False
Is 32161 a composite number?
True
Is 328105409 composite?
False
Is 484877569 a prime number?
False
Is 5720269 a composite number?
True
Is 40238209 a composite number?
True
Is 42982187 composite?
False
Is 15530947 a prime number?
True
Is 65018697 composite?
True
Is 22988771 a composite number?
True
Is 51769838 composite?
True
Is 287620547 a composite number?
False
Is 551202691 a prime number?
False
Is 7499593 prime?
False
Is 564757517 composite?
False
Is 41424727 a composite number?
False
Is 131609321 composite?
False
Is 1888723 a composite number?
False
Is 2894417 a composite number?
False
Is 103223161 composite?
False
Is 33810961 a composite number?
False
Is 182071 prime?
False
Is 5742907 composite?
True
Is 7617679 a composite number?
False
Is 29276809 a prime number?
False
Is 68458835 a prime number?
False
Is 4871546 a prime number?
False
Is 7358581 a composite number?
False
Is 4751953 a prime number?
False
Is 41076011 composite?
True
Is 126606371 a composite number?
False
Is 100344269 composite?
True
Is 6941911 a composite number?
True
Is 40662913 a prime number?
False
Is 14143639 a composite number?
False
Is 11295023 a prime number?
True
Is 3023821 composite?
False
Is 1066066 a composite number?
True
Is 3928433 prime?
False
Is 3778535 a prime number?
False
Is 5420483 composite?
False
Is 68111777 a composite number?
False
Is 23872177 prime?
False
Is 3399707 a prime number?
True
Is 2287343 a composite number?
False
Is 988969 a prime number?
False
Is 1291897 a prime number?
False
Is 5569627 a composite number?
True
Is 33637931 a composite number?
False
Is 2070833 composite?
False
Is 1219769 composite?
True
Is 13190713 prime?
True
Is 320617 a prime number?
False
Is 46657397 composite?
False
Is 134841307 prime?
True
Is 2152743 composite?
True
Is 2122409 a composite number?
False
Is 303189 a composite number?
True
Is 36594413 a composite number?
False
Is 2774861 prime?
False
Is 1236635123 a composite number?
True
Is 985981031 composite?
True
Is 6917959 a prime number?
True
Is 138847363 a composite number?
True
Is 54926357 a composite number?
True
Is 9617339 a prime number?
True
Is 548347 composite?
False
Is 25117327 prime?
True
Is 7437611 prime?
True
Is 884111947 composite?
False
Is 35025827 a composite number?
True
Is 7578581 a prime number?
False
Is 112753903 composite?
False
Is 1951181 composite?
True
Is 4185029 a composite number?
False
Is 4935641 a prime number?
True
Is 977377 a composite number?
True
Is 54968119 a prime number?
True
Is 10314373 a prime number?
False
Is 813094 prime?
False
Is 934621 a composite number?
True